{"id":967,"date":"2023-12-14T00:59:02","date_gmt":"2023-12-14T00:59:02","guid":{"rendered":"https:\/\/lashesandbrowsegmond.nl\/?page_id=967"},"modified":"2024-03-19T22:27:05","modified_gmt":"2024-03-19T22:27:05","slug":"wimperextensions-1","status":"publish","type":"page","link":"https:\/\/lashesandbrowsegmond.nl\/?page_id=967","title":{"rendered":"Wimperextensions"},"content":{"rendered":"<h3><b>Wimperextensions<\/b><\/h3>\n<p><span style=\"font-weight: 400;\">Wimperextensions, van heel &#8220;<\/span><b>naturel<\/b><span style=\"font-weight: 400;\">&#8221; tot een echte &#8220;<\/span><b>glamour look<\/b><span style=\"font-weight: 400;\">&#8220;. Wimperextensions zijn kunstwimpers die \u00e9\u00e9n voor \u00e9\u00e9n op je eigen wimperhaartjes worden aangebracht met speciale lijm , dit is de <\/span><b>OneByOne<\/b><span style=\"font-weight: 400;\"> techniek, dit is heel natuurlijk. Ze zijn te krijgen in verschillende diktes en krul.\u00a0 Ook is er de mogelijkheid meer volume te cre\u00ebren, dit door meerdere haartjes op een natuurlijk wimperhaartje te plakken (fans) deze kunnen 2, 3, 4 of zelfs wel tot 6 gaan.\u00a0 Met de deze <\/span><b>Russian Volume<\/b><span style=\"font-weight: 400;\"> set kun je een hele dramatische look cre\u00ebren.<\/span><\/p>\n<p><img data-recalc-dims=\"1\" height=\"300\" width=\"300\" decoding=\"async\" class=\"alignright\" src=\"https:\/\/i0.wp.com\/lashesandbrowsegmond.nl\/wp-content\/uploads\/2023\/11\/%E2%9C%A8Lets-talk-lash-curls-e1700183143521-300x300.jpg?resize=300%2C300&#038;ssl=1\" \/><\/p>\n<p>&nbsp;<\/p>\n<p><span style=\"font-weight: 400;\">Er kan gekozen worden uit verschill<\/span><span style=\"font-weight: 400;\">ende krullen. <\/span><b>B-curl<\/b><span style=\"font-weight: 400;\"> wordt weinig gebruikt bij mij. <\/span><b>C-curl<\/b> is &#8216;net dat beetje extra&#8217; maar nog steeds natuurlijk. De <b>D-curl<\/b> vallen meer op, deze zijn meer omhoog gelift, en zorgt voor een open blik. <b>L-curl<\/b> is een hoekige wimper, hier kan heel mooi een eyeliner effect mee gecre\u00eberd worden. Er zijn nog een aantal andere maar deze zijn niet heel bekend en er bij mij geen vraag naar, dus niet op voorraad.<\/p>\n<p><b>OneByOne<\/b><span style=\"font-weight: 400;\"> techniek ook wel <\/span><i><span style=\"font-weight: 400;\">&#8216;classic&#8217;<\/span><\/i><span style=\"font-weight: 400;\"> genoemd,<\/span><\/p>\n<p><span style=\"font-weight: 400;\">De naam zegt het al! Hierbij wordt\u00a0 er \u00e9\u00e9n haartje geplaatst op \u00e9\u00e9n natuurlijke wimper. Er kan gekozen worden uit 2 verschillende diktes van wimperextensions, 0,15mm of 0,20mm. <\/span><span style=\"font-weight: 400;\">De 0,15 is de standaard die ik gebruik. De 0,20 mm is zwaarder en wordt alleen gebruikt bij mensen die van nature dikkere wimpers hebben. Met OneByOne hou je het heel natuurlijk, het lijkt zo net of je mascara draagt. Samen kijken we wat je graag zou willen en wat er mogelijk is. Alle ogen verschillen, dus de wimperextensions zullen nooit precies zijn zoals bij een ander persoon zou zijn.<\/span><\/p>\n<p><b>Light Volume<\/b><span style=\"font-weight: 400;\"> techniek (2D &#8211; 5D)<\/span><\/p>\n<p><span style=\"font-weight: 400;\">Dit is een volume techniek waar je &#8216;net even dat beetje meer&#8217; hebt. Het ziet er nog steeds natuurlijk uit en is niet te overheersend. Er worden hier handgemaakte waaiers van extensions geplaatst op een natuurlijke wimper. Het getal geeft het aantal haartjes aan. De diktes 0.07 , 0.05\u00a0 en 0.03 worden hier gebruikt.<\/span><\/p>\n<p><b>Hybride Techniek<\/b><span style=\"font-weight: 400;\"> is een gecombineerde techniek. Bij deze techniek mixen we de OneByOne techniek, met de &#8216;Russian\/light&#8217; volume wimpers. Door deze twee technieken te mixen cre\u00eber je net een wat voller effect dan met de OneByOne, maar wordt het niet zo dramatisch als bij de Russian volume. Er wordt hier gekozen uit de bovengenoemde wimperdiktes en voor het model wat het beste past bij jouw ogen en gezicht.<\/span><\/p>\n<h3><img data-recalc-dims=\"1\" loading=\"lazy\" decoding=\"async\" class=\"alignnone wp-image-1010 alignright\" src=\"https:\/\/i0.wp.com\/lashesandbrowsegmond.nl\/wp-content\/uploads\/2024\/01\/soorten.jpg?resize=266%2C266&#038;ssl=1\" alt=\"\" width=\"266\" height=\"266\" srcset=\"https:\/\/i0.wp.com\/lashesandbrowsegmond.nl\/wp-content\/uploads\/2024\/01\/soorten.jpg?resize=150%2C150&amp;ssl=1 150w, https:\/\/i0.wp.com\/lashesandbrowsegmond.nl\/wp-content\/uploads\/2024\/01\/soorten.jpg?resize=300%2C300&amp;ssl=1 300w, https:\/\/i0.wp.com\/lashesandbrowsegmond.nl\/wp-content\/uploads\/2024\/01\/soorten.jpg?resize=60%2C60&amp;ssl=1 60w, https:\/\/i0.wp.com\/lashesandbrowsegmond.nl\/wp-content\/uploads\/2024\/01\/soorten.jpg?w=640&amp;ssl=1 640w\" sizes=\"auto, (max-width: 266px) 100vw, 266px\" \/><\/h3>\n<p><b>Russian Volume <\/b><span style=\"font-weight: 400;\">techniek (5D &#8211; 10D)<\/span><\/p>\n<p><span style=\"font-weight: 400;\">Het getal voor de D geeft het aantal extensions aan wat er op een natuurlijke wimperhaar geplaatst wordt in een (fan)waaier. Er kan gekozen worden uit de diktes 0,03 mm, 0,05 mm, 0,07 mm. Van de 0.03 kunnen er meer geplaatst worden dan van de 0.07. Dit zou anders wat zwaar kunnen zijn voor de natuurlijke wimperhaar. Voor de Russian Volume wordt gebruik gemaakt van d<\/span><span style=\"font-weight: 400;\">e 0,03 <\/span><span style=\"font-weight: 400;\">en 0,05 diktes.<\/span><\/p>\n<p><b>Mega Volume<\/b><span style=\"font-weight: 400;\">, de naam zegt het al&#8230;. heel veel volume. Er worden hier fans (net zoals bij de Russian Volume) geplaatst maar dan met nog meer extensions, er kunnen hier wel 10-15 extensions per wimper geplaatst worden. (dikte 0.03)<\/span><\/p>\n<p><span style=\"font-weight: 400;\">\u00a0<\/span><span style=\"font-weight: 400;\">De wimperextensions worden bevestigd d.m.v. een speciale wimperlijm. Deze lijm heeft een hechting die 4 &#8211; 5 weken houdt. Wel moet rekening gehouden worden met de natuurlijke wimperuitval. Ik raad aan om rond de 2 a 3 weken bij te vullen. Zo hou je je wimperextension-set vol en het mooist. Kijk <\/span><b>HIER<\/b><span style=\"font-weight: 400;\"> Voor de volledige beschrijving voor het verzorgen van je wimperextensions<\/span><\/p>\n<p>&nbsp;<\/p>\n<p><img data-recalc-dims=\"1\" loading=\"lazy\" decoding=\"async\" class=\"wp-image-752 alignleft\" src=\"https:\/\/i0.wp.com\/lashesandbrowsegmond.nl\/wp-content\/uploads\/2023\/11\/Uitgroei.jpg?resize=253%2C253&#038;ssl=1\" alt=\"\" width=\"253\" height=\"253\" srcset=\"https:\/\/i0.wp.com\/lashesandbrowsegmond.nl\/wp-content\/uploads\/2023\/11\/Uitgroei.jpg?resize=150%2C150&amp;ssl=1 150w, https:\/\/i0.wp.com\/lashesandbrowsegmond.nl\/wp-content\/uploads\/2023\/11\/Uitgroei.jpg?resize=60%2C60&amp;ssl=1 60w, https:\/\/i0.wp.com\/lashesandbrowsegmond.nl\/wp-content\/uploads\/2023\/11\/Uitgroei.jpg?zoom=2&amp;resize=253%2C253&amp;ssl=1 506w\" sizes=\"auto, (max-width: 253px) 100vw, 253px\" \/><\/p>\n<p><span style=\"font-weight: 400;\">Het <\/span><b>bijvullen <\/b><span style=\"font-weight: 400;\">ook wel refill genoemd, hier worden de nieuwe wimpers voorzien van nieuwe extensions. De extensions die uitgegroeid zijn kunnen zo 1cm van de wimperrand gegroeid zijn, worden verwijderd en een nieuwe op geplaatst. Als er nog 1\/3\u00a0 of minder van de set aanwezig is, wor<\/span><span style=\"font-weight: 400;\">dt er een nieuwe set prijs gerekend.<\/span><\/p>\n<p><span style=\"font-weight: 400;\">Deze behandeling kan 1,5 uur duren, zorg ervoor dat je genoeg tijd hebt en geen afspraak pland die meteen aansluit, zodat ik alle tijd aan je kan besteden. Soms heb ik meer tijd nodig dan bij een andere afspraak. Ik wil iedereen graag mooie wimpers en een volledige set geven.\u00a0 \u00a0 <\/span><\/p>\n<p><span style=\"font-weight: 400;\">Ga voor de behandeling plassen, hier heb je tijdens de behandeling geen tijd voor. Het bijvullen kan minimaal 1 uur\u00a0 (maar ook langer) in beslag nemen. Liever geen koffie of energydrank nuttigen voor de behandeling, de ogen kunnen erg onrustig zijn door de cafe\u00efne.<\/span><\/p>\n<p>&nbsp;<\/p>\n<p><b><i>Let op dat je zonder make-up naar je afspraak komt. Op deze manier hoeft er geen extra tijd besteed te worden aan het verwijderen van make-up e.d. die anders besteed was aan het zetten van de wimperextensions. De wimpers worden dan grondig gereinigd, hier wordt \u20ac12,50 voor in rekening gebracht.<\/i><\/b><\/p>\n<p><span style=\"font-weight: 400;\">Het verwijderen van de wimperextensions moet je niet zelf doen. De lijm is erg sterk en moet professioneel verwijderd worden. Bij het zelf verwijderen kun je per ongeluk andere wimpers mee trekken, dit zorgt voor gaten en dan kan er geen extension geplakt worden.\u00a0<\/span><\/p>\n","protected":false},"excerpt":{"rendered":"<p>Wimperextensions Wimperextensions, van heel &#8220;naturel&#8221; tot een echte &#8220;glamour look&#8220;. Wimperextensions zijn kunstwimpers die \u00e9\u00e9n voor \u00e9\u00e9n op je eigen wimperhaartjes worden aangebracht met speciale &hellip; <\/p>\n","protected":false},"author":1,"featured_media":0,"parent":156,"menu_order":0,"comment_status":"closed","ping_status":"closed","template":"","meta":{"footnotes":""},"class_list":["post-967","page","type-page","status-publish","hentry"],"jetpack_sharing_enabled":true,"_links":{"self":[{"href":"https:\/\/lashesandbrowsegmond.nl\/index.php?rest_route=\/wp\/v2\/pages\/967","targetHints":{"allow":["GET"]}}],"collection":[{"href":"https:\/\/lashesandbrowsegmond.nl\/index.php?rest_route=\/wp\/v2\/pages"}],"about":[{"href":"https:\/\/lashesandbrowsegmond.nl\/index.php?rest_route=\/wp\/v2\/types\/page"}],"author":[{"embeddable":true,"href":"https:\/\/lashesandbrowsegmond.nl\/index.php?rest_route=\/wp\/v2\/users\/1"}],"replies":[{"embeddable":true,"href":"https:\/\/lashesandbrowsegmond.nl\/index.php?rest_route=%2Fwp%2Fv2%2Fcomments&post=967"}],"version-history":[{"count":11,"href":"https:\/\/lashesandbrowsegmond.nl\/index.php?rest_route=\/wp\/v2\/pages\/967\/revisions"}],"predecessor-version":[{"id":1012,"href":"https:\/\/lashesandbrowsegmond.nl\/index.php?rest_route=\/wp\/v2\/pages\/967\/revisions\/1012"}],"up":[{"embeddable":true,"href":"https:\/\/lashesandbrowsegmond.nl\/index.php?rest_route=\/wp\/v2\/pages\/156"}],"wp:attachment":[{"href":"https:\/\/lashesandbrowsegmond.nl\/index.php?rest_route=%2Fwp%2Fv2%2Fmedia&parent=967"}],"curies":[{"name":"wp","href":"https:\/\/api.w.org\/{rel}","templated":true}]}}